 3 + 3 + 13 - 2.
14
Suppose m - 4*m = -18. Let b(y) = 15*y + 13. Let h be b(3). Let a = h - 42. What is the remainder when a is divided by m?
4
Suppose 24 = 2*m + m. Let x = 7 + m. Let q(p) = p + 15. Calculate the remainder when x is divided by q(-7).
7
Let v be 140/18 + (-6)/(-27). Let b = 1 + v. Let q(h) = -h**3 + 36*h**2 - 30*h + 2484. Calculate the remainder when b is divided by q(37).
4
Let g = 67 - 66. What is the remainder when ((-4)/(g*2))/((-9)/126) is divided by 6?
4
Let c = 12 + 49. What is the remainder when c is divided by ((-28)/(-21))/(8/102)?
10
Let d = 936 - 542. Calculate the remainder when d is divided by 44.
42
Suppose -10 = -4*h - 5*a, 2*a = -0*h - 4*h + 4. Suppose h = 3*m + 3*b - 36, -m - 2*b + 16 = -0. What is the remainder when 31 is divided by m?
7
Suppose 5*q + 2*w - 353 = 0, 3*w - 238 = -4*q + 43. What is the remainder when q is divided by 28?
15
Suppose 9*d + 64 = 208. Calculate the remainder when 94 is divided by d.
14
Suppose 4*q + 2*g = -2, 3*g = -3 - 12. Suppose q*m - 27 = -m. What is the remainder when 35 is divided by m?
8
Let g = 100 - 118. Calculate the remainder when (90/g)/((-1)/7) is divided by 9.
8
Let o = -2 + -12. Let d = o + 12. What is the remainder when 29 is divided by (d + -1)/(3/(-10))?
9
What is the remainder when 0/(-8) + 2 + 1*259 is divided by 22?
19
Suppose 4*f + 3*a = 2*f + 111, -5*a = 25. What is the remainder when f is divided by 22?
19
Let m = -92 - -94. What is the remainder when 39 is divided by (16 - m) + -5 + (4 - -1)?
11
Let u(a) = 4*a**3 - 19*a**2 + 5*a - 21. Calculate the remainder when u(8) is divided by 14.
11
Let r be 5/10 + 13/2. Suppose 2*y + 7*t + 2 = 3*t, 2*y = -5*t - r. Let c = 5 - -21. What is the remainder when c is divided by y?
8
Let u be (108/(-30))/((-1)/5) - -2. Let p = 26 - u. What is the remainder when 41 is divided by p?
5
Let m = -22 + 47. Let l be 2/(-1) + 2 - -4. Suppose l = 2*x - 14. What is the remainder when m is divided by x?
7
Let a(q) = 60*q**2 + 10*q - 8. Calculate the remainder when a(1) is divided by 22.
18
Let z be 6*(-3)/(-9) - (0 - -2). Suppose 2*w - 2*f - 2*f - 72 = z, -3*w - f + 73 = 0. What is the remainder when 127 is divided by w?
23
Let l be 1/(-3) - 388/6. Let w = 142 + l. What is the remainder when w is divided by 43?
34
Suppose 5*k - 2*v = -0*v + 13, -5*k + 4*v + 11 = 0. Suppose -k*w + 6 = 0, 5*m - 9 - 4 = w. Suppose 6*r - 12 = m*r. What is the remainder when r is divided by 3?
1
Suppose -5*t = -0*t - 25. Suppose 6 = t*j + 2*g + g, 0 = 5*j + g - 12. What is the remainder when 38*1/2 - j is divided by 6?
4
Suppose -7*n + 4*t - 98 = -9*n, -4*t - 231 = -5*n. What is the remainder when 58 is divided by n?
11
Let y(h) = 51*h + 205. Calculate the remainder when y(4) is divided by 23.
18
Let b be (-22)/(-4) - -3*(-3)/6. What is the remainder when (2/(-2))/((-4)/44) is divided by b/(-8)*8*-1?
3
Suppose 0 + 10 = -2*u. Suppose 0 = 2*y, -4*r + 3*y + 76 = -84. What is the remainder when r is divided by u/((-20)/52) - -1?
12
What is the remainder when 74 is divided by (190/((-5)/(-1)))/(-2 + 4)?
17
Suppose 0 = -t + 4*t - 9. Suppose 2*s - 5*g = 52, -s = -t*g - 0 - 26. Calculate the remainder when 76 is divided by s.
24
Calculate the remainder when 4994/198 - 4/18 is divided by 14.
11
Let s(j) = -j**3 + 9*j**2 + 11*j - 5. Let u be s(10). Suppose 2*m - 2*r = 140, -u*r = -4*m + 245 + 32. What is the remainder when m is divided by 19?
16
Suppose 0 = p + 1, 159 = 2*v - 4*p + 25. Calculate the remainder when 323 is divided by v.
63
Let c = -218 - -232. What is the remainder when 81 is divided by c?
11
Suppose 24 = -5*r + 4*s - 22, 5*r + 14 = -4*s. Let w be (448/(-21))/(2/r). Suppose 5*k - 116 = w. Calculate the remainder when k is divided by 14.
8
Let x = -15 - -29. Suppose 0*g + 3 = 3*g. Let u = 9 - g. Calculate the remainder when x is divided by u.
6
Suppose -8*m = 11*m - 2299. Calculate the remainder when 478 is divided by m.
115
Suppose 79*i - 77*i + 4*v - 16 = 0, 5*i + 5*v - 60 = 0. What is the remainder when 605 is divided by i?
13
Let a(y) = -y**2 - 6*y - 1. Let p be a(-5). Suppose -r - 60 = -p*r. Let w = -5 + r. What is the remainder when 29 is divided by w?
14
Suppose -4*g + 81 = 5*g. What is the remainder when g is divided by 5?
4
Let u = 13 - -4. Let d = -5 + u. Suppose -52 = 18*l - 682. What is the remainder when l is divided by d?
11
Let p(x) = x**2 + x + 43. Let f(g) = g**3 + 4*g**2 - 2*g + 1. Let n(z) = -z**3 - z - 4. Let s be n(0). What is the remainder when p(0) is divided by f(s)?
7
Let o be (-1 - 0/(-1)) + 4. Let l(z) = -z + 6. Let b(y) = 2*y**3 + 10*y**2 + 11*y + 7. What is the remainder when b(-3) is divided by l(o)?
1
Let g(h) = -7*h - 147. Calculate the remainder when g(-46) is divided by 16.
15
Let v = 37 - 46. Let z = 30 - v. What is the remainder when z is divided by 4?
3
Suppose 0 = 14*t + 91 - 161. Suppose -2*u - 38 = -0*h - 3*h, 11 = h + u. Calculate the remainder when h is divided by t.
2
Let o(j) = -2*j + 21. Let v be o(9). Suppose v*y - 75 = g - 4*g, 30 = y + 2*g. Calculate the remainder when 39 is divided by y.
19
Let m be (-20)/5 - 0 - -20. Suppose 3*d = -5*n + 52, -3*d + n = -42 - m. What is the remainder when d is divided by 4?
3
Suppose k = 5*d + 28, -4 = 4*k + 3*d - 1. Let f be ((-2)/6)/(2/(-18)). Calculate the remainder when 34 is divided by 11/1 + k/f.
10
Let f = 30 + -27. Let z be ((-1)/f)/(4/204). Calculate the remainder when 4/34 - 882/z is divided by 11.
8
Suppose 0 = -4*b - 3*c + 111, -b + 3*c + 9 = -0. Suppose 0*l - 2*l + 22 = 0. Let d = l + -2. What is the remainder when b is divided by d?
6
Let z(u) = u**3 + 4*u**2 - 7*u - 4. Let h be z(-5). Let f(y) = y - 7. Let r be f(h). Calculate the remainder when ((-6)/12)/(r/106) is divided by 18.
17
Suppose 31*t = 17*t + 4522. Calculate the remainder when t is divided by 66.
59
Let n(z) = 10*z**3 - z. Let j be n(1). Calculate the remainder when 35 is divided by 10 - (-2)/(6/j).
9
Suppose 2*i + 6 = 14. Calculate the remainder when (-20)/i*(-72)/10 is divided by (0 - 1)/(2/(-26)).
10
Let y be 22170/18 - (0 + (-1)/3). Suppose -5*i = 3*i - y. Calculate the remainder when i is divided by 39.
37
Suppose -32*o + 112 = -25*o. Calculate the remainder when o is divided by ((-21)/(-35))/((-3)/(-45)).
7
Suppose 4*c = x + 190, -146 = -5*c + 5*x + 84. Let h = 91 - c. Calculate the remainder when 125 is divided by h.
39
Suppose -40 = -f - 3*f. Let n = 2 + f. What is the remainder when (3/2)/(3/44) is divided by n?
10
Let r be ((-14)/49 - (-2)/7)/(-3). Suppose 3*v - 478 - 32 = r. What is the remainder when v is divided by 35?
30
Let l(m) be the third derivative of 0 + 0*m - 1/3*m**3 + 4*m**2 - 1/2*m**4. Calculate the remainder when l(-3) is divided by 12.
10
Let c(y) = 12*y + 168. Suppose -t + 465 = 2*t. Calculate the remainder when t is divided by c(-13).
11
Let p = 11 - 1. What is the remainder when (23*2/8)/((-132)/(-1056)) is divided by p?
6
Let u = -1406 - -2446. Calculate the remainder when u is divided by 58.
54
Let u = 14 - 9. Suppose y - 28 = -s, -69 = -u*s + 4*y + 62. Let o = 80 - s. Calculate the remainder when o is divided by 14.
11
Suppose 5*w = -2*w + 476. Let m = 94 - w. Calculate the remainder when m is divided by 4.
2
Let m = 891 - 654. What is the remainder when m is divided by 37?
15
Suppose 375 - 160 = c. Calculate the remainder when c is divided by 45.
35
Let p = -98 + 192. Suppose -192 = -21*l + 60. What is the remainder when p is divided by l?
10
What is the remainder when 349*(-10)/((-90)/27) is divided by 35?
32
Suppose 440*b - 434*b = 1086. Calculate the remainder when b is divided by 49.
34
Let u be (15/4)/(2 + (-77)/40). Suppose u = g - 17. What is the remainder when g is divided by 35?
32
Let d(s) = 31*s - 3. Let w be 2 + 0/(3/(-1)). Let a be d(w). Suppose -5*g + a = -r, -3*g - 6 = -5*g - 4*r. Calculate the remainder when g is divided by 4.
3
Let q(v) = v**2 + 12*v + 1. Let z be q(-8). Let p = z + 39. Calculate the remainder when p is divided by 8.
0
Suppose -241*v = -243*v + 16. What is the remainder when (-38)/4*1*-2 is divided by v?
3
Calculate the remainder when (-236)/(-2124) - (-10780)/18 is divided by 24.
23
Let h be (18/(-8))/(4/16). Let s be 2/h - (-7856)/36. Suppose -t + s = 3*n - 5*t, -4*n + 254 = 2*t. Calculate the remainder when n is divide